 the second derivative of 4*g**4/3 + 23*g**3/6 - g**2 - 119*g. List the prime factors of y(4).
2, 173
Suppose -x = 4*t + 3, -5 = 3*t + 4*x + 7. Suppose -9*d + t*d = -2889. List the prime factors of d.
3, 107
Let b(c) be the third derivative of c**5/4 - c**4/8 - 11*c**3/6 - c**2. Let n = -3910 + 3914. What are the prime factors of b(n)?
7, 31
Let y(l) = 12*l**3 + 18*l**2 - 301*l - 11. What are the prime factors of y(12)?
5, 7, 563
Let u = -6 - -8. Suppose 0 = 4*v - 3*m - 4591, u*v - 5*m + 4551 = 6*v. Suppose -9*o = 4*o - v. What are the prime factors of o?
2, 11
Let o be (-8)/(-28) + (-12)/(-7). Suppose m - z - 2 = 0, -4*m - 7*z - 1 = -o*z. What are the prime factors of m/(4/576) + 4?
2, 37
Let u = 890 - 887. Suppose 0*o - 5*o + 195 = 0. Suppose u*t + 6 = o. List the prime factors of t.
11
Let c = 42 + -24. Let f(s) = -s**3 + 25*s**2 - 16*s + 36. Let j be f(c). Suppose 13*n = 77 + j. List the prime factors of n.
7, 23
Let f = 95150 - 66244. List the prime factors of f.
2, 97, 149
Suppose -2*h = -3*y - 38, -64 = -h - 3*h + 3*y. Let j(f) = 0*f + 9*f - 2 - 4 - 12. List the prime factors of j(h).
3, 11
Let k(q) = 92*q**2 - 42*q + 681. What are the prime factors of k(16)?
23561
Suppose 6 = -8*y + 2*y. Let f(h) = -231*h + 34. List the prime factors of f(y).
5, 53
Let m(r) = -2*r**3 + 263*r**2 - 101*r + 73. What are the prime factors of m(131)?
4003
Let q(t) be the second derivative of 23*t**3/6 + 39*t**2 - 52*t + 1. What are the prime factors of q(12)?
2, 3, 59
Let c be (8 + 0)/((-4)/6). Let a be (927/c)/((-9)/24). Let m = -125 + a. What are the prime factors of m?
3
Suppose -15*n + 411404 = -4*k, 0 = -3*n - 3*k - 30077 + 112373. List the prime factors of n.
2, 6857
Let p be (-1687)/3*(-29 + 26). Let q = 3017 - p. List the prime factors of q.
2, 5, 7, 19
Suppose -3*z + 165 + 24 = 0. Let w be -6 + (2 - 0) - 45. Let i = w + z. What are the prime factors of i?
2, 7
Let s(c) = -48 + c**2 - 36 + 6*c + 12. List the prime factors of s(-25).
13, 31
Let y = -150 - 370. Let k be -4 - 18/45*-5. List the prime factors of -2 + (-1 - k) + y/(-4).
3, 43
Let o(w) = -4*w**3 - 5*w**2 + w - 6. Let r(q) = q - 25. Let j be r(20). Let p be o(j). Suppose 2*x = 5*k - 0*x - p, -x = 2. List the prime factors of k.
2, 3
Let c(b) = b**3 + 9*b**2 - 7*b + 4. Suppose -16 = 4*v, 2*w + 2*v + 0*v = 8. Suppose w*o - 7*o = -9. List the prime factors of c(o).
67
Suppose -17*y + 382620 + 231084 = 39*y. List the prime factors of y.
3, 13, 281
Suppose 0 = -4*r - 8, -4*r = s - 1 + 7. Suppose 2 = 4*d + s*l - 6, 0 = 5*l - 20. Suppose d*m = m - 108. What are the prime factors of m?
2, 3
Suppose 0 = 21*h - 304999 - 68780. Suppose -10317 = -33*d + h. What are the prime factors of d?
2, 3, 71
Let x = 617 - -996. Let u = x + -575. What are the prime factors of u?
2, 3, 173
Let z = 66883 - 45074. List the prime factors of z.
113, 193
Suppose -3184 - 4835 = -9*g. Let v = 1435 - g. Suppose 157 = y - 5*p, -v = -4*y - 2*p + p. What are the prime factors of y?
137
Let n(k) = k**3 + 7*k**2 - 24*k + 9. Let z be n(-8). List the prime factors of z + 2*12/(-6).
7, 19
Suppose -84*a = -72*a - 1608. Let v = a - -325. What are the prime factors of v?
3, 17
Let v = 350 + -360. List the prime factors of 5/v*5124/(-6).
7, 61
Let l = 207 + -157. Suppose -6*k - 16192 = -l*k. What are the prime factors of k?
2, 23
Let b(z) = -8*z + 128. Let c be b(-31). List the prime factors of c - -53 - (1 - 2).
2, 5, 43
Let v(y) = -639*y + 1056. What are the prime factors of v(-17)?
3, 29, 137
Let f = 4236 + 1657. List the prime factors of f.
71, 83
Let d(b) = -37*b**3 - 9*b**2 - 11*b - 17. What are the prime factors of d(-4)?
2251
Let o = 45 - 51. Let r(p) = -3*p**3 - 12*p**2 + 6*p + 7. What are the prime factors of r(o)?
11, 17
Let y(b) = -50*b**2 - 24*b + 14. Let h(j) = 99*j**2 + 49*j - 28. Let d(f) = -3*h(f) - 7*y(f). List the prime factors of d(-4).
2, 3, 5
Suppose 81 = 35*z - 38*z. List the prime factors of (4/(48/z))/((-3)/1836).
3, 17
Let f(y) = -14*y**3 + 3*y**2 + 27*y + 572. What are the prime factors of f(-11)?
2, 3, 11, 73
Suppose -2*v + 0*v - 5*d + 951 = 0, -4*v + 3*d = -1915. Let y = 751 - v. List the prime factors of y.
3, 7, 13
Suppose 1720159 = 35*d - 139660 - 301046. What are the prime factors of d?
107, 577
Let r(i) = i**2 + 31*i + 30831. What are the prime factors of r(0)?
3, 43, 239
What are the prime factors of ((-525)/(-5))/15 + 933?
2, 5, 47
Let g(h) be the third derivative of -h**6/120 - h**5/60 + h**4/8 - 23*h**3/6 - 48*h**2. What are the prime factors of g(-7)?
2, 5
Let w(h) = 63 - 42 + 81 + 16 + 55*h. List the prime factors of w(9).
613
Let c(x) = x + 3. Let v be c(-1). Let a be -2 + (-3 + v)*-3. Suppose -a = -q + 47. List the prime factors of q.
2, 3
What are the prime factors of 1149/(10/14*(-13 - 4264/(-325)))?
5, 7, 383
Suppose -4*x + 5*v + 41 = 0, -4*v = -0*x - x + 2. Suppose 0 = -18*c - x*c + 7200. List the prime factors of c.
3, 5
Let i(x) = -x**2 + 2*x + 21. Let z be i(0). Suppose -4*k = 3*k - z. Suppose 0 = -0*h - k*h - 3*j + 78, h + 4*j = 26. List the prime factors of h.
2, 13
Suppose -98 = 5*q + 4*i, 2*q + 26 = -0*i + 5*i. Let v = q - -20. What are the prime factors of v + 66 + (-9 - -6)?
5, 13
Let m = 2152 + -1185. Let p = 2835 - m. What are the prime factors of p?
2, 467
Let c be (-5 + -28)/((-6)/52). Let z = 430 - c. What are the prime factors of z?
2, 3
Suppose 15*w - 40 = 25*w. Let p(z) = 13*z - 1. Let a(h) = 12*h - 1. Let f(j) = 5*a(j) - 6*p(j). What are the prime factors of f(w)?
73
Let b(n) = -n**3 - 205*n**2 - 5341*n - 8. List the prime factors of b(-22).
2, 14461
Let k be 1*-56*(-1 - 1 - -9). Let a = -100 - k. What are the prime factors of a?
2, 73
Suppose 0 = 16*r - 26*r + 40. Suppose -4*j = r*k - 2136, j - k = -2*j + 1610. List the prime factors of j.
2, 67
Let v = 8 + -22. Let c be 77/7 + (27 - 33). List the prime factors of v + 13 + 15*c.
2, 37
Suppose 4*t = -5*o - 1434, 3*o - 11*t + 856 = -9*t. Let g = o + 1905. List the prime factors of g.
1619
Let p be (-19)/(-4) - (6/8 - 1). Suppose 2*x - p*l - 1135 = 0, -5*x = -2*l - 1036 - 1749. What are the prime factors of x?
3, 5, 37
Suppose -4*i - 4*b + 2268 = 0, -3*b - 1138 = -2*i - b. Let u = 994 - i. List the prime factors of u.
2, 3, 71
Suppose 9*j + 6333 = 30561. What are the prime factors of j?
2, 673
Suppose 28*q - 307890 = -5*q. Suppose 4*h = 3*c + 7462, -5*h - 11*c + q = -16*c. What are the prime factors of h?
2, 233
Let y(j) be the first derivative of j**3 - 17*j**2/2 - 2*j + 10. What are the prime factors of y(7)?
2, 13
Suppose 0 = -6*o + o. Suppose -w + 347 + 190 = o. List the prime factors of w.
3, 179
Let d be 4 + (-196)/(-24) + 1/(-6). What are the prime factors of (6 + 752/d)/(4/18)?
3, 103
Let g be (4*20 + -3)*1. Let i be (-9 - (-18 + -1))*9. Let d = i - g. List the prime factors of d.
13
Suppose -3*q + 98 = -73. Suppose -24 = 4*h, -76*h = -3*r - 71*h - 87. Let g = r + q. What are the prime factors of g?
2, 3
Suppose 3*c + 82 - 91 = 0. Suppose -r = c*j - 563, 3*j - 13*r = -18*r + 559. What are the prime factors of j?
2, 47
Let m = 21622 + -19399. What are the prime factors of m?
3, 13, 19
Suppose 26*u + 183433 - 1209777 = 183228. List the prime factors of u.
2, 7, 3323
Let f(c) be the second derivative of 10*c**4/3 - 5*c**3/6 - 5*c**2 - 108*c. List the prime factors of f(-4).
2, 5, 13
Suppose -30 - 10 = -8*b. Suppose n - 363 = -5*y, 1789 = b*n - 9*y + 8*y. List the prime factors of n.
2, 179
Let v(j) = -j**3 - 2*j**2 - 3*j + 6. Let z be v(0). Let u be 428 - (0 + -2 + 5). Suppose z*g - u = g. List the prime factors of g.
5, 17
Let i(g) = 237*g + 63. Let k be i(11). Suppose 110*j = 115*j - k. List the prime factors of j.
2, 3, 89
Let g(b) = 16*b**2 - 82*b + 867. List the prime factors of g(10).
3, 61
Let d(i) = -143*i + 1716. List the prime factors of d(-55).
11, 13, 67
Suppose -20 - 26 = -23*w. Suppose w*r + 3*b = 127, 5*r - 5*b = r + 199. What are the prime factors of r?
2, 7
List the prime factors of 4/(-18) - (1150800/(-270) + -10).
2, 3, 89
Let i(o) = 50*o - 8. Let q(v) = -2*v - 1. Let w(x) = -i(x) - 4*q(x). Let a be w(-3). List the prime factors of 0/(-2) - a/12*-8.
2, 23
List the prime factors of (-48)/1*21/((-1260)/2720).
2, 17
Suppose 0 = -8*y + 10447 + 45177 + 34144. List the prime factors of y.
7, 229
Supp